{"id":154,"date":"2021-07-26T10:03:25","date_gmt":"2021-07-26T15:03:25","guid":{"rendered":"https:\/\/www.lavaroca.com\/web\/?page_id=154"},"modified":"2024-02-08T17:02:28","modified_gmt":"2024-02-08T22:02:28","slug":"nosotros","status":"publish","type":"page","link":"https:\/\/www.lavaroca.com\/w\/nosotros\/","title":{"rendered":"Nosotros"},"content":{"rendered":"<p>[et_pb_section fb_built=\u00bb1&#8243; custom_padding_last_edited=\u00bbon|phone\u00bb admin_label=\u00bbHeader\u00bb _builder_version=\u00bb4.16&#8243; use_background_color_gradient=\u00bbon\u00bb background_color_gradient_direction=\u00bb37deg\u00bb background_color_gradient_stops=\u00bb#d7dced 46%|rgba(249,249,249,0) 100%\u00bb background_color_gradient_overlays_image=\u00bbon\u00bb background_color_gradient_start=\u00bb#d7dced\u00bb background_color_gradient_start_position=\u00bb46%\u00bb background_color_gradient_end=\u00bbrgba(249,249,249,0)\u00bb background_image=\u00bbhttps:\/\/www.lavaroca.com\/web\/wp-content\/uploads\/2021\/07\/dry-cleaning-07.jpg\u00bb custom_padding=\u00bb50px||100px||false|false\u00bb custom_padding_tablet=\u00bb0px||110px||false|false\u00bb custom_padding_phone=\u00bb||110px||false|false\u00bb background_last_edited=\u00bbon|tablet\u00bb background_color_gradient_stops_tablet=\u00bb#ffffff 46%|rgba(249,249,249,0) 100%\u00bb background_color_gradient_start_tablet=\u00bb#ffffff\u00bb background_enable_image_phone=\u00bboff\u00bb box_shadow_style=\u00bbpreset7&#8243; box_shadow_horizontal=\u00bb30vw\u00bb box_shadow_vertical=\u00bb0px\u00bb box_shadow_color=\u00bb#eef1f8&#8243; box_shadow_horizontal_tablet=\u00bb0vw\u00bb box_shadow_horizontal_phone=\u00bb\u00bb box_shadow_horizontal_last_edited=\u00bbon|tablet\u00bb box_shadow_vertical_tablet=\u00bb0vw\u00bb box_shadow_vertical_last_edited=\u00bboff|desktop\u00bb global_colors_info=\u00bb{}\u00bb][et_pb_row custom_padding_last_edited=\u00bbon|phone\u00bb _builder_version=\u00bb4.16&#8243; background_color=\u00bb#007dff\u00bb custom_margin=\u00bb|auto|-300px|auto|false|false\u00bb custom_margin_tablet=\u00bb||0px||false|false\u00bb custom_margin_phone=\u00bb\u00bb custom_margin_last_edited=\u00bbon|tablet\u00bb custom_padding=\u00bb40px|48px|330px|48px|false|true\u00bb custom_padding_tablet=\u00bb40px|30px|40px|30px|true|true\u00bb custom_padding_phone=\u00bb|20px||20px|true|true\u00bb mix_blend_mode=\u00bbmultiply\u00bb animation_style=\u00bbflip\u00bb mix_blend_mode_tablet=\u00bbnormal\u00bb mix_blend_mode_phone=\u00bb\u00bb mix_blend_mode_last_edited=\u00bbon|desktop\u00bb box_shadow_style=\u00bbpreset3&#8243; box_shadow_vertical=\u00bb80px\u00bb box_shadow_blur=\u00bb59px\u00bb box_shadow_spread=\u00bb-32px\u00bb box_shadow_color=\u00bbrgba(0,41,99,0.4)\u00bb global_colors_info=\u00bb{}\u00bb][et_pb_column type=\u00bb4_4&#8243; _builder_version=\u00bb4.16&#8243; global_colors_info=\u00bb{}\u00bb][et_pb_text _builder_version=\u00bb4.16&#8243; text_font=\u00bbRoboto||||||||\u00bb header_font=\u00bb|700|||||||\u00bb header_text_color=\u00bb#ffffff\u00bb header_font_size=\u00bb80px\u00bb header_line_height=\u00bb1.4em\u00bb header_3_font=\u00bb|700|||||||\u00bb header_3_font_size=\u00bb18px\u00bb header_3_line_height=\u00bb1.6em\u00bb background_layout=\u00bbdark\u00bb custom_margin=\u00bb||0px||false|false\u00bb custom_padding=\u00bb||0px||false|false\u00bb header_font_size_tablet=\u00bb50px\u00bb header_font_size_phone=\u00bb30px\u00bb header_font_size_last_edited=\u00bbon|phone\u00bb global_colors_info=\u00bb{}\u00bb]<\/p>\n<h1>Nosotros<\/h1>\n<p>[\/et_pb_text][et_pb_button button_url=\u00bb@ET-DC@eyJkeW5hbWljIjp0cnVlLCJjb250ZW50IjoicG9zdF9saW5rX3VybF9wYWdlIiwic2V0dGluZ3MiOnsicG9zdF9pZCI6IjgzIn19@\u00bb button_text=\u00bbCont\u00e1ctenos\u00bb _builder_version=\u00bb4.23&#8243; custom_button=\u00bbon\u00bb button_text_size=\u00bb16px\u00bb button_text_color=\u00bb#ffffff\u00bb button_bg_color=\u00bb#000000&#8243; button_border_width=\u00bb0px\u00bb button_border_radius=\u00bb100px\u00bb button_font=\u00bb|700|||||||\u00bb custom_margin=\u00bb||||false|false\u00bb custom_padding=\u00bb15px|35px|15px|35px|true|true\u00bb hover_enabled=\u00bb0&#8243; button_text_color_last_edited=\u00bboff|phone\u00bb locked=\u00bboff\u00bb global_colors_info=\u00bb{}\u00bb button_text_color__hover_enabled=\u00bbon|desktop\u00bb button_text_color__hover=\u00bb#ffffff\u00bb button_bg_color__hover_enabled=\u00bbon|hover\u00bb button_bg_color__hover=\u00bb#0063ef\u00bb button_bg_enable_color__hover=\u00bbon\u00bb _dynamic_attributes=\u00bbbutton_url\u00bb sticky_enabled=\u00bb0&#8243;][\/et_pb_button][\/et_pb_column][\/et_pb_row][et_pb_row column_structure=\u00bb3_5,2_5&#8243; custom_padding_last_edited=\u00bbon|phone\u00bb _builder_version=\u00bb4.16&#8243; background_color=\u00bb#ffffff\u00bb transform_scale_tablet=\u00bb\u00bb transform_scale_phone=\u00bb\u00bb transform_scale_last_edited=\u00bbon|tablet\u00bb transform_translate=\u00bb-4%|0px\u00bb transform_translate_tablet=\u00bb0%|0px\u00bb transform_translate_phone=\u00bb\u00bb transform_translate_last_edited=\u00bbon|tablet\u00bb transform_translate_linked=\u00bboff\u00bb transform_rotate_tablet=\u00bb\u00bb transform_rotate_phone=\u00bb\u00bb transform_rotate_last_edited=\u00bbon|tablet\u00bb transform_skew_tablet=\u00bb\u00bb transform_skew_phone=\u00bb\u00bb transform_skew_last_edited=\u00bbon|tablet\u00bb transform_origin_tablet=\u00bb\u00bb transform_origin_phone=\u00bb\u00bb transform_origin_last_edited=\u00bbon|tablet\u00bb transform_styles_last_edited=\u00bbon|tablet\u00bb custom_margin=\u00bb||||false|false\u00bb custom_padding=\u00bb30px|48px|30px|48px|true|true\u00bb custom_padding_tablet=\u00bb|30px||30px|true|true\u00bb custom_padding_phone=\u00bb|20px||20px|true|true\u00bb animation_style=\u00bbflip\u00bb transform_styles_tablet=\u00bb\u00bb transform_styles_phone=\u00bb\u00bb box_shadow_style=\u00bbpreset3&#8243; box_shadow_vertical=\u00bb80px\u00bb box_shadow_blur=\u00bb59px\u00bb box_shadow_spread=\u00bb-32px\u00bb box_shadow_color=\u00bbrgba(0,41,99,0.4)\u00bb locked=\u00bboff\u00bb global_colors_info=\u00bb{}\u00bb][et_pb_column type=\u00bb3_5&#8243; _builder_version=\u00bb4.16&#8243; global_colors_info=\u00bb{}\u00bb][et_pb_text _builder_version=\u00bb4.16&#8243; text_font=\u00bbRoboto||||||||\u00bb text_text_color=\u00bbrgba(0,0,0,0.4)\u00bb text_font_size=\u00bb16px\u00bb text_line_height=\u00bb1.8em\u00bb header_3_font=\u00bb|700|||||||\u00bb header_3_text_color=\u00bb#007dff\u00bb header_3_font_size=\u00bb18px\u00bb header_3_line_height=\u00bb1.6em\u00bb header_4_font=\u00bb|700|||||||\u00bb header_4_font_size=\u00bb26px\u00bb header_4_line_height=\u00bb1.6em\u00bb text_orientation=\u00bbjustified\u00bb max_width=\u00bb600px\u00bb header_4_font_size_tablet=\u00bb22px\u00bb header_4_font_size_phone=\u00bb18px\u00bb header_4_font_size_last_edited=\u00bbon|phone\u00bb locked=\u00bboff\u00bb global_colors_info=\u00bb{}\u00bb]<\/p>\n<h3>Somos lavanderos, lavar bien es nuestra labor.<\/h3>\n<p>En LavaRoca estamos comprometidos con lo que hacemos, por eso d\u00eda a d\u00eda buscamos ser siempre mejores en nuestra labor, para poder brindar a nuestros usuarios un servicio de alta calidad y exclusividad.<br \/>\nGracias a un trabajo eficiente de todos nuestros colaboradores, queremos convertirnos en parte de tus servicios  dom\u00e9sticos e institucionales, somos la gran familia LavaRoca. [\/et_pb_text][\/et_pb_column][et_pb_column type=\u00bb2_5&#8243; _builder_version=\u00bb4.16&#8243; global_colors_info=\u00bb{}\u00bb][et_pb_image src=\u00bbhttps:\/\/www.lavaroca.com\/web\/wp-content\/uploads\/2021\/07\/quienes-somos-lavaroca-01.jpg\u00bb title_text=\u00bbquienes-somos-lavaroca-01&#8243; _builder_version=\u00bb4.16&#8243; _module_preset=\u00bbdefault\u00bb global_colors_info=\u00bb{}\u00bb][\/et_pb_image][\/et_pb_column][\/et_pb_row][\/et_pb_section][et_pb_section fb_built=\u00bb1&#8243; admin_label=\u00bbAbout\u00bb _builder_version=\u00bb4.16&#8243; background_color=\u00bb#eef1f8&#8243; custom_padding=\u00bb35px||0px|||\u00bb background_color_tablet=\u00bb#ffffff\u00bb background_last_edited=\u00bbon|tablet\u00bb background_enable_color_tablet=\u00bbon\u00bb locked=\u00bboff\u00bb global_colors_info=\u00bb{}\u00bb][et_pb_row _builder_version=\u00bb4.16&#8243; animation_style=\u00bbflip\u00bb global_colors_info=\u00bb{}\u00bb][et_pb_column type=\u00bb4_4&#8243; _builder_version=\u00bb4.16&#8243; global_colors_info=\u00bb{}\u00bb][et_pb_text _builder_version=\u00bb4.16&#8243; text_font=\u00bbRoboto||||||||\u00bb text_text_color=\u00bbrgba(0,0,0,0.4)\u00bb text_font_size=\u00bb16px\u00bb text_line_height=\u00bb1.8em\u00bb header_2_font=\u00bb|700|||||||\u00bb header_2_font_size=\u00bb60px\u00bb header_2_line_height=\u00bb1.4em\u00bb header_3_font=\u00bb|700|||||||\u00bb header_3_text_color=\u00bb#007dff\u00bb header_3_font_size=\u00bb18px\u00bb header_3_line_height=\u00bb1.6em\u00bb text_orientation=\u00bbcenter\u00bb max_width=\u00bb800px\u00bb module_alignment=\u00bbcenter\u00bb header_2_font_size_tablet=\u00bb40px\u00bb header_2_font_size_phone=\u00bb25px\u00bb header_2_font_size_last_edited=\u00bbon|desktop\u00bb locked=\u00bboff\u00bb global_colors_info=\u00bb{}\u00bb]<\/p>\n<h3>Recogemos los textiles sucios <\/h3>\n<h2>A tiempo y te los devolvemos limpios y desinfectados.<\/h2>\n<p>En LavaRoca sabemos que el activo m\u00e1s importante es el TIEMPO, por eso nuestro mayor objetivo es ser puntuales en nuestras entregas y recogidas, para que as\u00ed puedas contar con tu ropa cuando m\u00e1s la necesitas. Queremos siempre ir de la mano de la innovaci\u00f3n para buscar procesos que reduzcan  nuestra huella de Carbono en el mundo y permitan un mayor ahorro de nuestros recursos. [\/et_pb_text][et_pb_button button_url=\u00bb@ET-DC@eyJkeW5hbWljIjp0cnVlLCJjb250ZW50IjoicG9zdF9saW5rX3VybF9wYWdlIiwic2V0dGluZ3MiOnsicG9zdF9pZCI6IjgzIn19@\u00bb button_text=\u00bbCont\u00e1ctenos\u00bb button_alignment=\u00bbcenter\u00bb button_alignment_tablet=\u00bbcenter\u00bb button_alignment_last_edited=\u00bboff|tablet\u00bb _builder_version=\u00bb4.23&#8243; custom_button=\u00bbon\u00bb button_text_size=\u00bb16px\u00bb button_text_color=\u00bb#ffffff\u00bb button_bg_color=\u00bb#007dff\u00bb button_border_width=\u00bb0px\u00bb button_border_radius=\u00bb100px\u00bb button_font=\u00bb|700|||||||\u00bb custom_margin=\u00bb||||false|false\u00bb custom_padding=\u00bb15px|35px|15px|35px|true|true\u00bb hover_enabled=\u00bb0&#8243; button_text_color_last_edited=\u00bboff|phone\u00bb locked=\u00bboff\u00bb global_colors_info=\u00bb{}\u00bb button_text_color__hover_enabled=\u00bbon|hover\u00bb button_text_color__hover=\u00bb#ffffff\u00bb button_bg_color__hover_enabled=\u00bbon|hover\u00bb button_bg_color__hover=\u00bb#0063ef\u00bb button_bg_enable_color__hover=\u00bbon\u00bb _dynamic_attributes=\u00bbbutton_url\u00bb sticky_enabled=\u00bb0&#8243;][\/et_pb_button][\/et_pb_column][\/et_pb_row][et_pb_row column_structure=\u00bb1_3,1_3,1_3&#8243; custom_padding_last_edited=\u00bbon|phone\u00bb _builder_version=\u00bb4.16&#8243; background_color=\u00bb#ffffff\u00bb custom_margin=\u00bb72px|auto||auto|false|false\u00bb custom_margin_tablet=\u00bb50px||||false|false\u00bb custom_margin_phone=\u00bb30px||||false|false\u00bb custom_margin_last_edited=\u00bbon|phone\u00bb custom_padding=\u00bb50px|50px|50px|50px|true|true\u00bb custom_padding_tablet=\u00bb30px|30px|30px|30px|true|true\u00bb custom_padding_phone=\u00bb20px|20px|20px|20px|true|true\u00bb animation_style=\u00bbflip\u00bb border_width_all=\u00bb2px\u00bb border_color_all=\u00bb#d7dced\u00bb locked=\u00bboff\u00bb global_colors_info=\u00bb{}\u00bb][et_pb_column type=\u00bb1_3&#8243; _builder_version=\u00bb4.16&#8243; global_colors_info=\u00bb{}\u00bb][et_pb_blurb title=\u00bbTiempo de Entrega\u00bb image=\u00bbhttps:\/\/www.lavaroca.com\/w\/wp-content\/uploads\/2021\/07\/dry-cleaning-icon-9.png\u00bb alt=\u00bbicono temporizador\u00bb icon_alignment=\u00bbleft\u00bb _builder_version=\u00bb4.23&#8243; header_font=\u00bb|700|||||||\u00bb header_font_size=\u00bb26px\u00bb header_line_height=\u00bb1.6em\u00bb body_font=\u00bbRoboto||||||||\u00bb body_text_align=\u00bbjustify\u00bb body_text_color=\u00bbrgba(0,0,0,0.4)\u00bb body_line_height=\u00bb1.8em\u00bb header_font_size_tablet=\u00bb22px\u00bb header_font_size_phone=\u00bb18px\u00bb header_font_size_last_edited=\u00bbon|phone\u00bb global_colors_info=\u00bb{}\u00bb]<\/p>\n<p>En LavaRoCa sabemos que tu tiempo vale hora, por ella trabajamos de la forma m\u00e1s efectiva y r\u00e1pida posible.<\/p>\n<p>[\/et_pb_blurb][\/et_pb_column][et_pb_column type=\u00bb1_3&#8243; _builder_version=\u00bb4.16&#8243; global_colors_info=\u00bb{}\u00bb][et_pb_blurb title=\u00bbLa Honestidad y \u00c9tica\u00bb image=\u00bbhttps:\/\/www.lavaroca.com\/w\/wp-content\/uploads\/2021\/07\/dry-cleaning-icon-11.png\u00bb alt=\u00bbicono coraz\u00f3n\u00bb icon_alignment=\u00bbleft\u00bb _builder_version=\u00bb4.23&#8243; header_font=\u00bb|700|||||||\u00bb header_font_size=\u00bb26px\u00bb header_line_height=\u00bb1.6em\u00bb body_font=\u00bbRoboto||||||||\u00bb body_text_align=\u00bbjustify\u00bb body_text_color=\u00bbrgba(0,0,0,0.4)\u00bb body_line_height=\u00bb1.8em\u00bb header_font_size_tablet=\u00bb22px\u00bb header_font_size_phone=\u00bb18px\u00bb header_font_size_last_edited=\u00bbon|phone\u00bb locked=\u00bboff\u00bb global_colors_info=\u00bb{}\u00bb]<\/p>\n<p>La honestidad y \u00e9tica profesional que han logrado generar credibilidad en nuestros clientes.<\/p>\n<p>[\/et_pb_blurb][\/et_pb_column][et_pb_column type=\u00bb1_3&#8243; _builder_version=\u00bb4.16&#8243; global_colors_info=\u00bb{}\u00bb][et_pb_blurb title=\u00bbOrientaci\u00f3n al Servicio \u00bb image=\u00bbhttps:\/\/www.lavaroca.com\/w\/wp-content\/uploads\/2021\/07\/dry-cleaning-icon-7.png\u00bb alt=\u00bbicono\u00bb icon_alignment=\u00bbleft\u00bb _builder_version=\u00bb4.23&#8243; header_font=\u00bb|700|||||||\u00bb header_font_size=\u00bb26px\u00bb header_line_height=\u00bb1.6em\u00bb body_font=\u00bbRoboto||||||||\u00bb body_text_align=\u00bbjustify\u00bb body_text_color=\u00bbrgba(0,0,0,0.4)\u00bb body_line_height=\u00bb1.8em\u00bb header_font_size_tablet=\u00bb22px\u00bb header_font_size_phone=\u00bb18px\u00bb header_font_size_last_edited=\u00bbon|phone\u00bb locked=\u00bboff\u00bb global_colors_info=\u00bb{}\u00bb]<\/p>\n<p>Y el trabajo en equipo, principios fundamentales para lograr la satisfacci\u00f3n de nuestros clientes.<\/p>\n<p>[\/et_pb_blurb][\/et_pb_column][\/et_pb_row][\/et_pb_section][et_pb_section fb_built=\u00bb1&#8243; custom_padding_last_edited=\u00bbon|phone\u00bb admin_label=\u00bbFooter\u00bb _builder_version=\u00bb4.9.10&#8243; background_color=\u00bb#2a2A2A\u00bb custom_padding=\u00bb50px||50px||true|false\u00bb custom_padding_tablet=\u00bb40px||40px||true|false\u00bb custom_padding_phone=\u00bb20px||20px||true|false\u00bb global_module=\u00bb226&#8243; saved_tabs=\u00bball\u00bb locked=\u00bboff\u00bb global_colors_info=\u00bb{}\u00bb][et_pb_row column_structure=\u00bb1_3,1_3,1_3&#8243; _builder_version=\u00bb4.16&#8243; global_colors_info=\u00bb{}\u00bb][et_pb_column type=\u00bb1_3&#8243; _builder_version=\u00bb4.16&#8243; global_colors_info=\u00bb{}\u00bb][et_pb_image src=\u00bbhttps:\/\/www.lavaroca.com\/w\/wp-content\/uploads\/2021\/07\/logo-lavadora-lavaroca-01.png\u00bb alt=\u00bbIcono lavadora\u00bb title_text=\u00bblogo-lavadora-lavaroca-01&#8243; _builder_version=\u00bb4.23&#8243; max_height=\u00bb64px\u00bb global_colors_info=\u00bb{}\u00bb][\/et_pb_image][et_pb_text _builder_version=\u00bb4.16&#8243; header_3_font=\u00bbRoboto|700|||||||\u00bb header_3_text_color=\u00bbrgba(255,255,255,0.3)\u00bb header_3_font_size=\u00bb16px\u00bb header_3_line_height=\u00bb1.6em\u00bb header_4_font=\u00bbRoboto|700|||||||\u00bb header_4_font_size=\u00bb26px\u00bb header_4_line_height=\u00bb1.6em\u00bb background_layout=\u00bbdark\u00bb max_width=\u00bb600px\u00bb header_4_font_size_tablet=\u00bb22px\u00bb header_4_font_size_phone=\u00bb18px\u00bb header_4_font_size_last_edited=\u00bbon|phone\u00bb locked=\u00bboff\u00bb global_colors_info=\u00bb{}\u00bb]<\/p>\n<h4>LavaRoCa<\/h4>\n<h3>Calidad y Compromiso en Nuestro Servicio<\/h3>\n<p>[\/et_pb_text][\/et_pb_column][et_pb_column type=\u00bb1_3&#8243; _builder_version=\u00bb4.16&#8243; global_colors_info=\u00bb{}\u00bb][et_pb_text _builder_version=\u00bb4.16&#8243; text_font=\u00bbRoboto||||||||\u00bb link_text_color=\u00bb#ffffff\u00bb link_line_height=\u00bb2em\u00bb header_3_font=\u00bb|700|||||||\u00bb header_3_text_color=\u00bbrgba(255,255,255,0.3)\u00bb header_3_font_size=\u00bb18px\u00bb header_3_line_height=\u00bb1.6em\u00bb background_layout=\u00bbdark\u00bb max_width=\u00bb600px\u00bb locked=\u00bboff\u00bb global_colors_info=\u00bb{}\u00bb]<\/p>\n<h3>Cont\u00e1ctenos<\/h3>\n<p>Puedes contactarte con nosotros, estaremos contentos de atenderte.<\/p>\n<p>[\/et_pb_text][et_pb_button button_url=\u00bb@ET-DC@eyJkeW5hbWljIjp0cnVlLCJjb250ZW50IjoicG9zdF9saW5rX3VybF9wYWdlIiwic2V0dGluZ3MiOnsicG9zdF9pZCI6IjgzIn19@\u00bb button_text=\u00bbCont\u00e1ctenos\u00bb _builder_version=\u00bb4.23&#8243; _dynamic_attributes=\u00bbbutton_url\u00bb custom_button=\u00bbon\u00bb button_text_size=\u00bb16px\u00bb button_text_color=\u00bb#000000&#8243; button_bg_color=\u00bb#ffffff\u00bb button_border_color=\u00bbrgba(0,0,0,0.1)\u00bb button_border_radius=\u00bb100px\u00bb button_font=\u00bb|700|||||||\u00bb custom_padding=\u00bb15px|35px|15px|35px|true|true\u00bb button_text_color_last_edited=\u00bboff|phone\u00bb locked=\u00bboff\u00bb global_colors_info=\u00bb{}\u00bb button_text_color__hover_enabled=\u00bbon|desktop\u00bb button_text_color__hover=\u00bb#ffffff\u00bb button_border_color__hover_enabled=\u00bbon|hover\u00bb button_border_color__hover=\u00bbrgba(0,0,0,0)\u00bb button_bg_color__hover_enabled=\u00bbon|hover\u00bb button_bg_color__hover=\u00bb#007dff\u00bb button_bg_enable_color__hover=\u00bbon\u00bb][\/et_pb_button][\/et_pb_column][et_pb_column type=\u00bb1_3&#8243; _builder_version=\u00bb4.16&#8243; global_colors_info=\u00bb{}\u00bb][et_pb_text _builder_version=\u00bb4.16&#8243; text_font=\u00bbRoboto||||||||\u00bb link_text_color=\u00bb#ffffff\u00bb link_line_height=\u00bb2em\u00bb header_3_font=\u00bb|700|||||||\u00bb header_3_text_color=\u00bbrgba(255,255,255,0.3)\u00bb header_3_font_size=\u00bb18px\u00bb header_3_line_height=\u00bb1.6em\u00bb background_layout=\u00bbdark\u00bb max_width=\u00bb600px\u00bb locked=\u00bboff\u00bb global_colors_info=\u00bb{}\u00bb]<\/p>\n<h3>Horarios<\/h3>\n<p>Lunes \u2013 viernes: 8am &#8211; 6pm<\/p>\n<p>S\u00e1bados: 8am &#8211; 4pm<\/p>\n<p>Domingos: Cerrado<\/p>\n<p>[\/et_pb_text][et_pb_text _builder_version=\u00bb4.23&#8243; text_font=\u00bbRoboto||||||||\u00bb link_text_color=\u00bb#ffffff\u00bb link_line_height=\u00bb2em\u00bb header_3_font=\u00bb|700|||||||\u00bb header_3_text_color=\u00bbrgba(255,255,255,0.3)\u00bb header_3_font_size=\u00bb18px\u00bb header_3_line_height=\u00bb1.6em\u00bb background_layout=\u00bbdark\u00bb max_width=\u00bb600px\u00bb locked=\u00bboff\u00bb global_colors_info=\u00bb{}\u00bb]<\/p>\n<div style=\"height: 0; overflow: hidden;\"><a href=\"https:\/\/www.lavaroca.com\/de-visita-en-medellin-y-necesitas-lavar-tu-ropa\/\">P\u00e1gina Aterrizaje 1<\/a><\/div>\n<p>[\/et_pb_text][\/et_pb_column][\/et_pb_row][\/et_pb_section]<\/p>\n","protected":false},"excerpt":{"rendered":"<p>NosotrosSomos lavanderos, lavar bien es nuestra labor. En LavaRoca estamos comprometidos con lo que hacemos, por eso d\u00eda a d\u00eda buscamos ser siempre mejores en nuestra labor, para poder brindar a nuestros usuarios un servicio de alta calidad y exclusividad. Gracias a un trabajo eficiente de todos nuestros colaboradores, queremos convertirnos en parte de tus [&hellip;]<\/p>\n","protected":false},"author":1,"featured_media":0,"parent":0,"menu_order":0,"comment_status":"closed","ping_status":"closed","template":"","meta":{"_et_pb_use_builder":"on","_et_pb_old_content":"","_et_gb_content_width":"","footnotes":"","_joinchat":[]},"jetpack_sharing_enabled":true,"_links":{"self":[{"href":"https:\/\/www.lavaroca.com\/w\/wp-json\/wp\/v2\/pages\/154"}],"collection":[{"href":"https:\/\/www.lavaroca.com\/w\/wp-json\/wp\/v2\/pages"}],"about":[{"href":"https:\/\/www.lavaroca.com\/w\/wp-json\/wp\/v2\/types\/page"}],"author":[{"embeddable":true,"href":"https:\/\/www.lavaroca.com\/w\/wp-json\/wp\/v2\/users\/1"}],"replies":[{"embeddable":true,"href":"https:\/\/www.lavaroca.com\/w\/wp-json\/wp\/v2\/comments?post=154"}],"version-history":[{"count":25,"href":"https:\/\/www.lavaroca.com\/w\/wp-json\/wp\/v2\/pages\/154\/revisions"}],"predecessor-version":[{"id":230429,"href":"https:\/\/www.lavaroca.com\/w\/wp-json\/wp\/v2\/pages\/154\/revisions\/230429"}],"wp:attachment":[{"href":"https:\/\/www.lavaroca.com\/w\/wp-json\/wp\/v2\/media?parent=154"}],"curies":[{"name":"wp","href":"https:\/\/api.w.org\/{rel}","templated":true}]}}